{"id":21,"date":"2022-08-02T15:05:51","date_gmt":"2022-08-02T15:05:51","guid":{"rendered":"https:\/\/www.viadetur.org\/?page_id=21"},"modified":"2022-08-02T21:54:43","modified_gmt":"2022-08-02T21:54:43","slug":"acerca-de","status":"publish","type":"page","link":"https:\/\/www.viadetur.org\/index.php\/acerca-de\/","title":{"rendered":"\u00bfQui\u00e9nes somos?"},"content":{"rendered":"\n<p>El prop\u00f3sito de <strong>Viadetur Cultura para el Turismo<\/strong>&nbsp; es rescatar la identidad nacional partiendo de sus valores y cultura para impulsar el desarrollo sostenido desde semilleros y ecosistemas tur\u00edsticos y culturales que fortalezcan el turismo receptivo e interno.<\/p>\n\n\n\n<p>Por ello, estudia y analiza las variables sociales, econ\u00f3micas, culturales y pol\u00edticas para dise\u00f1ar, desde las fortalezas y debilidades, mapas y estrategias de acci\u00f3n que permitan crear y aplicar planes, programas. proyectos y pol\u00edticas que ayuden a impulsar los sectores de la econom\u00eda creativa para generar crecimiento sostenido en consonancia con los recursos del entorno y las habilidades y destrezas de sus habitantes.<\/p>\n\n\n\n<p class=\"has-text-align-right\"><em>L\u00edneas de investigaci\u00f3n y acci\u00f3n<\/em><\/p>\n\n\n\n<p>Para alcanzar los objetivos planteados <strong>Viadetur Cultura para el Turismo<\/strong> abordar\u00e1 el estudio y an\u00e1lisis de las variables desde siete l\u00edneas de investigaci\u00f3n y acci\u00f3n:<\/p>\n\n\n\n<ul class=\"wp-block-list\"><li>Impulsar y promocionar los atractivos naturales y potencialidades culturales \u2013gastronom\u00eda, tradiciones e historia- para robustecer la imagen del pa\u00eds y fortalecer su identidad, toda vez que se estimula el turismo como actividad social y econ\u00f3mica que tirbuta a la econom\u00eda creativa<\/li><li>Concienciar para generar sentido de pertenencia, arraigo y apropiaci\u00f3n de la cultura propia<\/li><li>Sensibilizar para una conducta que motive la ecolog\u00eda, preservaci\u00f3n del medio ambiente y el reciclaje<\/li><li>Motivar para la No Violencia<\/li><li>Orientar para el rescate de valores propios<\/li><li>Exponer relaciones sanas, inclusivas y arm\u00f3nicas para con los dem\u00e1s y en especial a personas con condiciones especiales y diversidad de criterios<\/li><li>Emplazar hacia la tolerancia, el respeto y el reconocimiento del otro<\/li><\/ul>\n\n\n\n<p>Al dise\u00f1ar sus l\u00edneas de acci\u00f3n <strong>Viadetur Cultura para el Turismo<\/strong>\u00a0 se apeg\u00f3 a los Objetivos de Desarrollo Sustentables de la Organizaci\u00f3n de Naciones Unidas.<\/p>\n","protected":false},"excerpt":{"rendered":"<p>El prop\u00f3sito de Viadetur Cultura para el Turismo&nbsp; es rescatar la identidad nacional partiendo de sus valores y cultura para impulsar el desarrollo sostenido desde semilleros y ecosistemas tur\u00edsticos y culturales que fortalezcan el turismo receptivo e interno. Por ello, estudia y analiza las variables sociales, econ\u00f3micas, culturales y pol\u00edticas para dise\u00f1ar, desde las fortalezas &hellip; <\/p>\n<p class=\"link-more\"><a href=\"https:\/\/www.viadetur.org\/index.php\/acerca-de\/\" class=\"more-link\">Leer m\u00e1s<span class=\"screen-reader-text\"> \u00ab\u00bfQui\u00e9nes somos?\u00bb<\/span><\/a><\/p>\n","protected":false},"author":1,"featured_media":18,"parent":0,"menu_order":0,"comment_status":"closed","ping_status":"closed","template":"","meta":{"footnotes":""},"class_list":["post-21","page","type-page","status-publish","has-post-thumbnail","hentry"],"_links":{"self":[{"href":"https:\/\/www.viadetur.org\/index.php\/wp-json\/wp\/v2\/pages\/21","targetHints":{"allow":["GET"]}}],"collection":[{"href":"https:\/\/www.viadetur.org\/index.php\/wp-json\/wp\/v2\/pages"}],"about":[{"href":"https:\/\/www.viadetur.org\/index.php\/wp-json\/wp\/v2\/types\/page"}],"author":[{"embeddable":true,"href":"https:\/\/www.viadetur.org\/index.php\/wp-json\/wp\/v2\/users\/1"}],"replies":[{"embeddable":true,"href":"https:\/\/www.viadetur.org\/index.php\/wp-json\/wp\/v2\/comments?post=21"}],"version-history":[{"count":3,"href":"https:\/\/www.viadetur.org\/index.php\/wp-json\/wp\/v2\/pages\/21\/revisions"}],"predecessor-version":[{"id":61,"href":"https:\/\/www.viadetur.org\/index.php\/wp-json\/wp\/v2\/pages\/21\/revisions\/61"}],"wp:featuredmedia":[{"embeddable":true,"href":"https:\/\/www.viadetur.org\/index.php\/wp-json\/wp\/v2\/media\/18"}],"wp:attachment":[{"href":"https:\/\/www.viadetur.org\/index.php\/wp-json\/wp\/v2\/media?parent=21"}],"curies":[{"name":"wp","href":"https:\/\/api.w.org\/{rel}","templated":true}]}}